{"id":1403,"date":"2018-07-02T20:50:41","date_gmt":"2018-07-02T23:50:41","guid":{"rendered":"https:\/\/itsmariagrande-ers.infd.edu.ar\/sitio\/profesorado-educacion-tecnologica\/"},"modified":"2022-03-03T22:08:48","modified_gmt":"2022-03-04T01:08:48","slug":"profesorado-educacion-tecnologica","status":"publish","type":"page","link":"https:\/\/itsmariagrande-ers.infd.edu.ar\/sitio\/profesorado-educacion-tecnologica\/","title":{"rendered":"Educaci\u00f3n Tecnol\u00f3gica (sin cohorte en 2022)"},"content":{"rendered":"\n<p class=\"has-text-align-center\"><strong><span class=\"has-inline-color has-vivid-red-color\">El Profesorado de Educaci\u00f3n Tecnol\u00f3gica no abre cohorte para el ciclo lectivo 2022, por lo tanto no posee inscripciones abiertas.<\/span><\/strong><\/p>\n\n\n\n<h1 class=\"wp-block-heading\"><span style=\"font-family: verdana, geneva, sans-serif; font-size: 1rem; color: #003366;\"><strong>Informaci\u00f3n General<\/strong><\/span><\/h1>\n\n\n\n<p><span style=\"font-family: verdana, geneva, sans-serif; font-size: 1rem;\">El Profesorado de Educaci\u00f3n Tecnol\u00f3gica fue creado en el a\u00f1o 2015 mediante <a title=\"4781\/15 - Creaci\u00f3n EDUCACI\u00d3N TECNOLOGICA\" href=\"upload\/2015-4781_-_Res._CGE_-_Creacion__PROFESORADOS_LENGUA_y_TECNOLOGIA_1.pdf\" target=\"_blank\" rel=\"noopener\">Res. 4781<\/a> del Consejo General de Educaci\u00f3n de la Provincia de Entre R\u00edos. <\/span><\/p>\n\n\n\n<p><span style=\"font-family: verdana, geneva, sans-serif; font-size: 1rem;\">Actualmente, sus actividades \u00e1ulicas se desarrollan en el edificio escolar compartido con la Escuela N\u00b0 74 \u00abJusto Jos\u00e9 de Urquiza\u00bb, de la localidad Estaci\u00f3n Sosa &#8211; Departamento Paran\u00e1, como extensi\u00f3n \u00e1ulica del Instituto de Educaci\u00f3n Superior \u00abRep\u00fablica de Entre R\u00edos\u00bb de la ciudad de Mar\u00eda Grande del Departamento Paran\u00e1, provincia de Entre R\u00edos. <\/span><\/p>\n\n\n\n<p><span style=\"font-family: verdana, geneva, sans-serif; font-size: 1rem;\">El Dise\u00f1o Curricular de la carrera fue aprobado por <a title=\"4798\/15 - Dise\u00f1o Curricular EDUCACI\u00d3N TECNOLOGICA\" href=\"upload\/2015-4798_-_Res._CGE_-_Aprueba_Disen_o_Curricular_Profesorado_de_Educacion_Tecnologica_SOSA_1.pdf\" target=\"_blank\" rel=\"noopener\">Resoluci\u00f3n del C.G.E. N\u00b0 4798<\/a> y su estructura est\u00e1 dada de la siguiente manera:<\/span><\/p>\n\n\n\n<ul><li><span style=\"font-family: verdana, geneva, sans-serif; font-size: 1rem;\">Cantidad de a\u00f1os de cursado: 4<\/span><\/li><li><span style=\"font-family: verdana, geneva, sans-serif; font-size: 1rem;\">Cantidad de materias: 37<\/span>\n<ul>\n<li><span style=\"font-family: verdana, geneva, sans-serif; font-size: 1rem;\">1er. A\u00f1o: 10<\/span><\/li>\n<li><span style=\"font-family: verdana, geneva, sans-serif; font-size: 1rem;\">2do. A\u00f1o: 10<\/span><\/li>\n<li><span style=\"font-family: verdana, geneva, sans-serif; font-size: 1rem;\">3er. A\u00f1o: 9<\/span><\/li>\n<li><span style=\"font-family: verdana, geneva, sans-serif; font-size: 1rem;\">4to. A\u00f1o: 8<\/span><\/li>\n<\/ul>\n<\/li><li><span style=\"font-family: verdana, geneva, sans-serif; font-size: 1rem; text-align: justify;\">Carga Horaria total de la trayectoria formativa: 132 hs. c\u00e1tedra semanales<\/span>\n<ul>\n<li><span style=\"font-family: verdana, geneva, sans-serif; font-size: 1rem; text-align: justify;\">1er. A\u00f1o: 33 hs. c\u00e1tedra semanales.<\/span><\/li>\n<li><span style=\"font-family: verdana, geneva, sans-serif; font-size: 1rem; text-align: justify;\">2do. A\u00f1o: 35 hs. c\u00e1tedra semanales.<\/span><\/li>\n<li><span style=\"font-family: verdana, geneva, sans-serif; font-size: 1rem; text-align: justify;\">3er. A\u00f1o: 33 hs. c\u00e1tedra semanales.<\/span><\/li>\n<li><span style=\"font-family: verdana, geneva, sans-serif; font-size: 1rem; text-align: justify;\">4to. A\u00f1o: 31 hs. c\u00e1tedra semanales.<\/span><\/li>\n<\/ul>\n<\/li><\/ul>\n\n\n\n<h1 class=\"wp-block-heading\"><span style=\"color: #003366;\"><strong style=\"font-family: verdana, geneva, sans-serif; font-size: 1rem;\">Plan de Estudios<\/strong><\/span><\/h1>\n\n\n\n<figure class=\"wp-block-image size-large\"><a href=\"upload\/2015-4798_-_Res._CGE_-_Aprueba_Disen_o_Curricular_Profesorado_de_Educacion_Tecnologica_SOSA.pdf\" target=\"_blank\" rel=\"noopener\"><img decoding=\"async\" loading=\"lazy\" width=\"1900\" height=\"331\" src=\"https:\/\/itsmariagrande-ers.infd.edu.ar\/sitio\/wp-content\/uploads\/2021\/09\/Plan-de-Estudios-TECNOLOGICA-1-1900x331.png\" alt=\"\" class=\"wp-image-4441\" srcset=\"https:\/\/itsmariagrande-ers.infd.edu.ar\/sitio\/wp-content\/uploads\/2021\/09\/Plan-de-Estudios-TECNOLOGICA-1-1900x331.png 1900w, https:\/\/itsmariagrande-ers.infd.edu.ar\/sitio\/wp-content\/uploads\/2021\/09\/Plan-de-Estudios-TECNOLOGICA-1-1000x174.png 1000w, https:\/\/itsmariagrande-ers.infd.edu.ar\/sitio\/wp-content\/uploads\/2021\/09\/Plan-de-Estudios-TECNOLOGICA-1-768x134.png 768w, https:\/\/itsmariagrande-ers.infd.edu.ar\/sitio\/wp-content\/uploads\/2021\/09\/Plan-de-Estudios-TECNOLOGICA-1-1536x268.png 1536w, https:\/\/itsmariagrande-ers.infd.edu.ar\/sitio\/wp-content\/uploads\/2021\/09\/Plan-de-Estudios-TECNOLOGICA-1-2048x357.png 2048w\" sizes=\"(max-width: 1900px) 100vw, 1900px\" \/><\/a><\/figure>\n\n\n\n<figure class=\"wp-block-image size-large\"><a href=\"upload\/2017-1418_-_Res._CGE_-_Educ._Tecnologica_CORRELATIVIDADES.pdf\" target=\"_blank\" rel=\"noopener\"><img decoding=\"async\" loading=\"lazy\" width=\"1900\" height=\"331\" src=\"https:\/\/itsmariagrande-ers.infd.edu.ar\/sitio\/wp-content\/uploads\/2021\/09\/Plan-de-Estudios-TECNOLOGICA-2-1900x331.png\" alt=\"\" class=\"wp-image-4442\" srcset=\"https:\/\/itsmariagrande-ers.infd.edu.ar\/sitio\/wp-content\/uploads\/2021\/09\/Plan-de-Estudios-TECNOLOGICA-2-1900x331.png 1900w, https:\/\/itsmariagrande-ers.infd.edu.ar\/sitio\/wp-content\/uploads\/2021\/09\/Plan-de-Estudios-TECNOLOGICA-2-1000x174.png 1000w, https:\/\/itsmariagrande-ers.infd.edu.ar\/sitio\/wp-content\/uploads\/2021\/09\/Plan-de-Estudios-TECNOLOGICA-2-768x134.png 768w, https:\/\/itsmariagrande-ers.infd.edu.ar\/sitio\/wp-content\/uploads\/2021\/09\/Plan-de-Estudios-TECNOLOGICA-2-1536x268.png 1536w, https:\/\/itsmariagrande-ers.infd.edu.ar\/sitio\/wp-content\/uploads\/2021\/09\/Plan-de-Estudios-TECNOLOGICA-2-2048x357.png 2048w\" sizes=\"(max-width: 1900px) 100vw, 1900px\" \/><\/a><\/figure>\n\n\n\n<p><\/p>\n\n\n\n<figure class=\"wp-block-table is-style-stripes\"><table><tbody><tr><td><span style=\"font-family: verdana, geneva, sans-serif; font-size: 1rem;\">&nbsp;<\/span><\/td><td><span style=\"font-family: verdana, geneva, sans-serif; font-size: 1rem;\" data-mce-mark=\"1\"><span style=\"color: #3e748e;\" data-mce-mark=\"1\"><strong>&nbsp;Primer a\u00f1o&nbsp;<\/strong><\/span><\/span><\/td><td class=\"has-text-align-center\" data-align=\"center\"><span style=\"font-family: verdana, geneva, sans-serif; font-size: 1rem;\" data-mce-mark=\"1\"><span style=\"color: #3e748e;\" data-mce-mark=\"1\"><strong>Hs. C\u00e1tedra<\/strong><\/span><\/span><\/td><\/tr><tr><td><span style=\"font-family: verdana, geneva, sans-serif; font-size: 1rem;\" data-mce-mark=\"1\">01<\/span><\/td><td><span data-mce-mark=\"1\" style=\"font-family: verdana, geneva, sans-serif; font-size: 1rem;\">Pedagog\u00eda<\/span><\/td><td class=\"has-text-align-center\" data-align=\"center\"><span style=\"font-family: verdana, geneva, sans-serif; font-size: 1rem;\">3<\/span><\/td><\/tr><tr><td><span style=\"font-family: verdana, geneva, sans-serif; font-size: 1rem;\">02<\/span><\/td><td><span style=\"font-family: verdana, geneva, sans-serif; font-size: 1rem;\" data-mce-mark=\"1\">Corporeidad, juegos y lenguajes art\u00edsticos<\/span><\/td><td class=\"has-text-align-center\" data-align=\"center\"><span style=\"font-family: verdana, geneva, sans-serif; font-size: 1rem;\">3<\/span><\/td><\/tr><tr><td><span style=\"font-family: verdana, geneva, sans-serif; font-size: 1rem;\">03<\/span><\/td><td><span style=\"font-family: verdana, geneva, sans-serif; font-size: 1rem;\" data-mce-mark=\"1\">Oralidad, lectura, escritura y TIC<\/span><\/td><td class=\"has-text-align-center\" data-align=\"center\"><span style=\"font-family: verdana, geneva, sans-serif; font-size: 1rem;\">3<\/span><\/td><\/tr><tr><td><span style=\"font-family: verdana, geneva, sans-serif; font-size: 1rem;\">04<\/span><\/td><td><span data-mce-mark=\"1\" style=\"font-family: verdana, geneva, sans-serif; font-size: 1rem;\">Did\u00e1ctica General<\/span><\/td><td class=\"has-text-align-center\" data-align=\"center\"><span style=\"font-family: verdana, geneva, sans-serif; font-size: 1rem;\">3<\/span><\/td><\/tr><tr><td><span style=\"font-family: verdana, geneva, sans-serif; font-size: 1rem;\">05<\/span><\/td><td><span style=\"font-family: verdana, geneva, sans-serif; font-size: 1rem;\" data-mce-mark=\"1\">Estudios Socio-culturales de la Tecnolog\u00eda<\/span><\/td><td class=\"has-text-align-center\" data-align=\"center\"><span style=\"font-family: verdana, geneva, sans-serif; font-size: 1rem;\">3<\/span><\/td><\/tr><tr><td><span style=\"font-family: verdana, geneva, sans-serif; font-size: 1rem;\">06<\/span><\/td><td><span style=\"font-family: verdana, geneva, sans-serif; font-size: 1rem;\">Procesos y Tecnolog\u00edas &nbsp;I<\/span><\/td><td class=\"has-text-align-center\" data-align=\"center\"><span style=\"font-family: verdana, geneva, sans-serif; font-size: 1rem;\">5<\/span><\/td><\/tr><tr><td><span style=\"font-family: verdana, geneva, sans-serif; font-size: 1rem;\">07<\/span><\/td><td><span style=\"font-family: verdana, geneva, sans-serif; font-size: 1rem;\" data-mce-mark=\"1\">Educaci\u00f3n Tecnol\u00f3gica<\/span><\/td><td class=\"has-text-align-center\" data-align=\"center\"><span style=\"font-family: verdana, geneva, sans-serif; font-size: 1rem;\">3<\/span><\/td><\/tr><tr><td><span style=\"font-family: verdana, geneva, sans-serif; font-size: 1rem;\">08<\/span><\/td><td><span style=\"font-family: verdana, geneva, sans-serif; font-size: 1rem;\">Dise\u00f1o y Construcci\u00f3n de Modelos I<\/span><\/td><td class=\"has-text-align-center\" data-align=\"center\"><span style=\"font-family: verdana, geneva, sans-serif; font-size: 1rem;\">4<\/span><\/td><\/tr><tr><td><span style=\"font-family: verdana, geneva, sans-serif; font-size: 1rem;\">09<\/span><\/td><td><span style=\"font-family: verdana, geneva, sans-serif; font-size: 1rem;\" data-mce-mark=\"1\">Matem\u00e1tica<\/span><\/td><td class=\"has-text-align-center\" data-align=\"center\"><span style=\"font-family: verdana, geneva, sans-serif; font-size: 1rem;\">2<\/span><\/td><\/tr><tr><td><span style=\"font-family: verdana, geneva, sans-serif; font-size: 1rem;\">10<\/span><\/td><td><span style=\"font-family: verdana, geneva, sans-serif; font-size: 1rem;\" data-mce-mark=\"1\">Pr\u00e1ctica profesional docente I<\/span><\/td><td class=\"has-text-align-center\" data-align=\"center\"><span style=\"font-family: verdana, geneva, sans-serif; font-size: 1rem;\">4<\/span><\/td><\/tr><tr><td><span style=\"font-family: verdana, geneva, sans-serif; font-size: 1rem;\">&nbsp;<\/span><\/td><td><span style=\"font-family: verdana, geneva, sans-serif; font-size: 1rem;\"><strong>Total Hs. 1er. a\u00f1o<\/strong><\/span><\/td><td class=\"has-text-align-center\" data-align=\"center\"><span style=\"font-family: verdana, geneva, sans-serif; font-size: 1rem;\"><strong>33<\/strong><\/span><\/td><\/tr><tr><td><span style=\"font-family: verdana, geneva, sans-serif; font-size: 1rem;\">&nbsp;<\/span><\/td><td><span style=\"color: #3e748e; font-family: verdana, geneva, sans-serif; font-size: 1rem;\" data-mce-mark=\"1\"><strong>Segundo a\u00f1o<\/strong><\/span><\/td><td class=\"has-text-align-center\" data-align=\"center\"><span style=\"color: #3e748e; font-family: verdana, geneva, sans-serif; font-size: 1rem;\"><strong>Hs. C\u00e1tedra<\/strong><\/span><\/td><\/tr><tr><td><span style=\"font-family: verdana, geneva, sans-serif; font-size: 1rem;\">11<\/span><\/td><td><span style=\"font-family: verdana, geneva, sans-serif; font-size: 1rem;\">Filosof\u00eda<\/span><\/td><td class=\"has-text-align-center\" data-align=\"center\"><span style=\"font-family: verdana, geneva, sans-serif; font-size: 1rem;\">3<\/span><\/td><\/tr><tr><td><span style=\"font-family: verdana, geneva, sans-serif; font-size: 1rem;\">12<\/span><\/td><td><span style=\"font-family: verdana, geneva, sans-serif; font-size: 1rem;\">Historia social, pol\u00edtica argentina y latinoamericana<\/span><\/td><td class=\"has-text-align-center\" data-align=\"center\"><span style=\"font-family: verdana, geneva, sans-serif; font-size: 1rem;\">3<\/span><\/td><\/tr><tr><td><span style=\"font-family: verdana, geneva, sans-serif; font-size: 1rem;\">13<\/span><\/td><td><span style=\"color: #000000; font-family: verdana, geneva, sans-serif; font-size: 1rem;\" data-mce-mark=\"1\">Psicolog\u00eda de la educaci\u00f3n<\/span><\/td><td class=\"has-text-align-center\" data-align=\"center\"><span style=\"font-family: verdana, geneva, sans-serif; font-size: 1rem;\">3<\/span><\/td><\/tr><tr><td><span style=\"font-family: verdana, geneva, sans-serif; font-size: 1rem;\">14<\/span><\/td><td><span style=\"font-family: verdana, geneva, sans-serif; font-size: 1rem;\">Procesos y Tecnolog\u00edas &nbsp;II<\/span><\/td><td class=\"has-text-align-center\" data-align=\"center\"><span style=\"font-family: verdana, geneva, sans-serif; font-size: 1rem;\">5<\/span><\/td><\/tr><tr><td><span style=\"font-family: verdana, geneva, sans-serif; font-size: 1rem;\">15<\/span><\/td><td><span style=\"font-family: verdana, geneva, sans-serif; font-size: 1rem;\">Did\u00e1ctica de la Educaci\u00f3n Tecnol\u00f3gica &nbsp;I<\/span><\/td><td class=\"has-text-align-center\" data-align=\"center\"><span style=\"font-family: verdana, geneva, sans-serif; font-size: 1rem;\">3<\/span><\/td><\/tr><tr><td><span style=\"font-family: verdana, geneva, sans-serif; font-size: 1rem;\">16<\/span><\/td><td><span style=\"color: #000000; font-family: verdana, geneva, sans-serif; font-size: 1rem;\" data-mce-mark=\"1\">Sujeto de la Educaci\u00f3n<\/span><\/td><td class=\"has-text-align-center\" data-align=\"center\"><span style=\"font-family: verdana, geneva, sans-serif; font-size: 1rem;\">3<\/span><\/td><\/tr><tr><td><span style=\"font-family: verdana, geneva, sans-serif; font-size: 1rem;\">17<\/span><\/td><td><span style=\"font-family: verdana, geneva, sans-serif; font-size: 1rem;\">Dise\u00f1o y Construcci\u00f3n de modelos II<\/span><\/td><td class=\"has-text-align-center\" data-align=\"center\"><span style=\"font-family: verdana, geneva, sans-serif; font-size: 1rem;\">4<\/span><\/td><\/tr><tr><td><span style=\"font-family: verdana, geneva, sans-serif; font-size: 1rem;\">18<\/span><\/td><td><span style=\"font-family: verdana, geneva, sans-serif; font-size: 1rem;\">F\u00edsica I<\/span><\/td><td class=\"has-text-align-center\" data-align=\"center\"><span style=\"font-family: verdana, geneva, sans-serif; font-size: 1rem;\">3<\/span><\/td><\/tr><tr><td><span style=\"font-family: verdana, geneva, sans-serif; font-size: 1rem;\">19<\/span><\/td><td><span style=\"font-family: verdana, geneva, sans-serif; font-size: 1rem;\">Estudios Socio-hist\u00f3ricos de la Tecnolog\u00eda<\/span><\/td><td class=\"has-text-align-center\" data-align=\"center\"><span style=\"font-family: verdana, geneva, sans-serif; font-size: 1rem;\">4<\/span><\/td><\/tr><tr><td><span style=\"font-family: verdana, geneva, sans-serif; font-size: 1rem;\">20<\/span><\/td><td><span style=\"font-family: verdana, geneva, sans-serif; font-size: 1rem;\">Pr\u00e1ctica profesional Docente II<\/span><\/td><td class=\"has-text-align-center\" data-align=\"center\"><span style=\"font-family: verdana, geneva, sans-serif; font-size: 1rem;\">4<\/span><\/td><\/tr><tr><td><span style=\"font-family: verdana, geneva, sans-serif; font-size: 1rem;\">&nbsp;<\/span><\/td><td><span style=\"font-family: verdana, geneva, sans-serif; font-size: 1rem;\"><strong>Total Hs. &nbsp;2do. a\u00f1o<\/strong><\/span><\/td><td class=\"has-text-align-center\" data-align=\"center\"><span style=\"font-family: verdana, geneva, sans-serif; font-size: 1rem;\"><strong>35<\/strong><\/span><\/td><\/tr><tr><td><span style=\"font-family: verdana, geneva, sans-serif; font-size: 1rem;\">&nbsp;<\/span><\/td><td><span style=\"font-family: verdana, geneva, sans-serif; font-size: 1rem;\" data-mce-mark=\"1\">&nbsp;<strong><span style=\"color: #3e748e;\" data-mce-mark=\"1\">Tercer A\u00f1o<\/span><\/strong><\/span><\/td><td class=\"has-text-align-center\" data-align=\"center\"><span style=\"font-family: verdana, geneva, sans-serif; font-size: 1rem;\"><strong><span style=\"color: #3e748e;\">Hs. C\u00e1tedra<\/span><\/strong><\/span><\/td><\/tr><tr><td><span style=\"font-family: verdana, geneva, sans-serif; font-size: 1rem;\">22<\/span><\/td><td><span style=\"font-family: verdana, geneva, sans-serif; font-size: 1rem;\">Derechos humanos: \u00c9tica y Ciudadan\u00eda<\/span><\/td><td class=\"has-text-align-center\" data-align=\"center\"><span style=\"font-family: verdana, geneva, sans-serif; font-size: 1rem;\">3<\/span><\/td><\/tr><tr><td><span style=\"font-family: verdana, geneva, sans-serif; font-size: 1rem;\">22<\/span><\/td><td><span style=\"font-family: verdana, geneva, sans-serif; font-size: 1rem;\">Sociolog\u00eda de la Educaci\u00f3n<\/span><\/td><td class=\"has-text-align-center\" data-align=\"center\"><span style=\"font-family: verdana, geneva, sans-serif; font-size: 1rem;\">3<\/span><\/td><\/tr><tr><td><span style=\"font-family: verdana, geneva, sans-serif; font-size: 1rem;\">23<\/span><\/td><td><span style=\"font-family: verdana, geneva, sans-serif; font-size: 1rem;\">Historia de la Educaci\u00f3n Argentina<\/span><\/td><td class=\"has-text-align-center\" data-align=\"center\"><span style=\"font-family: verdana, geneva, sans-serif; font-size: 1rem;\">3<\/span><\/td><\/tr><tr><td><span style=\"font-family: verdana, geneva, sans-serif; font-size: 1rem;\">24<\/span><\/td><td><span style=\"font-family: verdana, geneva, sans-serif; font-size: 1rem;\">Procesos y Tecnolog\u00edas III<\/span><\/td><td class=\"has-text-align-center\" data-align=\"center\"><span style=\"font-family: verdana, geneva, sans-serif; font-size: 1rem;\">5<\/span><\/td><\/tr><tr><td><span style=\"font-family: verdana, geneva, sans-serif; font-size: 1rem;\">25<\/span><\/td><td><span data-mce-mark=\"1\" style=\"font-family: verdana, geneva, sans-serif; font-size: 1rem;\">Procesos y Tecnolog\u00edas de Control, Programaci\u00f3n y Rob\u00f3tica<\/span><\/td><td class=\"has-text-align-center\" data-align=\"center\"><span style=\"font-family: verdana, geneva, sans-serif; font-size: 1rem;\">4<\/span><\/td><\/tr><tr><td><span style=\"font-family: verdana, geneva, sans-serif; font-size: 1rem;\">26<\/span><\/td><td><span style=\"font-family: verdana, geneva, sans-serif; font-size: 1rem;\">Did\u00e1ctica de la Educaci\u00f3n Tecnol\u00f3gica II<\/span><\/td><td class=\"has-text-align-center\" data-align=\"center\"><span style=\"font-family: verdana, geneva, sans-serif; font-size: 1rem;\">3<\/span><\/td><\/tr><tr><td><span style=\"font-family: verdana, geneva, sans-serif; font-size: 1rem;\">27<\/span><\/td><td><span style=\"font-family: verdana, geneva, sans-serif; font-size: 1rem;\" data-mce-mark=\"1\">F\u00edsica II<\/span><\/td><td class=\"has-text-align-center\" data-align=\"center\"><span style=\"font-family: verdana, geneva, sans-serif; font-size: 1rem;\">3<\/span><\/td><\/tr><tr><td><span style=\"font-family: verdana, geneva, sans-serif; font-size: 1rem;\">28<\/span><\/td><td><span style=\"font-family: verdana, geneva, sans-serif; font-size: 1rem;\">Pr\u00e1ctica Profesional Docente III<\/span><\/td><td class=\"has-text-align-center\" data-align=\"center\"><span style=\"font-family: verdana, geneva, sans-serif; font-size: 1rem;\">6<\/span><\/td><\/tr><tr><td><span style=\"font-family: verdana, geneva, sans-serif; font-size: 1rem;\">29<\/span><\/td><td><span style=\"font-family: verdana, geneva, sans-serif; font-size: 1rem;\">U.D.I.<\/span><\/td><td class=\"has-text-align-center\" data-align=\"center\"><span style=\"font-family: verdana, geneva, sans-serif; font-size: 1rem;\">3<\/span><\/td><\/tr><tr><td><span style=\"font-family: verdana, geneva, sans-serif; font-size: 1rem;\">&nbsp;<\/span><\/td><td><span style=\"font-family: verdana, geneva, sans-serif; font-size: 1rem;\"><strong>Total Hs. 3er. a\u00f1o<\/strong><\/span><\/td><td class=\"has-text-align-center\" data-align=\"center\"><span style=\"font-family: verdana, geneva, sans-serif; font-size: 1rem;\"><strong>33<\/strong><\/span><\/td><\/tr><tr><td><span style=\"font-family: verdana, geneva, sans-serif; font-size: 1rem;\">&nbsp;<\/span><\/td><td><span style=\"font-family: verdana, geneva, sans-serif; font-size: 1rem;\" data-mce-mark=\"1\">&nbsp;<strong><span style=\"color: #3e748e;\" data-mce-mark=\"1\">Cuarto A\u00f1o<\/span><\/strong><\/span><\/td><td class=\"has-text-align-center\" data-align=\"center\"><span style=\"color: #3e748e; font-family: verdana, geneva, sans-serif; font-size: 1rem;\"><strong>Hs. C\u00e1tedra<\/strong><\/span><\/td><\/tr><tr><td><span style=\"font-family: verdana, geneva, sans-serif; font-size: 1rem;\">30<\/span><\/td><td><span style=\"font-family: verdana, geneva, sans-serif; font-size: 1rem;\">An\u00e1lisis y organizaci\u00f3n de las Instituciones Educativas<\/span><\/td><td class=\"has-text-align-center\" data-align=\"center\"><span style=\"font-family: verdana, geneva, sans-serif; font-size: 1rem;\">3<\/span><\/td><\/tr><tr><td><span style=\"font-family: verdana, geneva, sans-serif; font-size: 1rem;\">31<\/span><\/td><td><span style=\"font-family: verdana, geneva, sans-serif; font-size: 1rem;\">Educaci\u00f3n sexual integral<\/span><\/td><td class=\"has-text-align-center\" data-align=\"center\"><span style=\"font-family: verdana, geneva, sans-serif; font-size: 1rem;\">2<\/span><\/td><\/tr><tr><td><span style=\"font-family: verdana, geneva, sans-serif; font-size: 1rem;\">32<\/span><\/td><td><span style=\"font-family: verdana, geneva, sans-serif; font-size: 1rem;\">Filosof\u00eda y Epistemolog\u00eda de la Tecnolog\u00eda<\/span><\/td><td class=\"has-text-align-center\" data-align=\"center\"><span style=\"font-family: verdana, geneva, sans-serif; font-size: 1rem;\">3<\/span><\/td><\/tr><tr><td><span style=\"font-family: verdana, geneva, sans-serif; font-size: 1rem;\">33<\/span><\/td><td><span style=\"font-family: verdana, geneva, sans-serif; font-size: 1rem;\">Procesos y Tecnolog\u00edas de la informaci\u00f3n y las comunicaciones<\/span><\/td><td class=\"has-text-align-center\" data-align=\"center\"><span style=\"font-family: verdana, geneva, sans-serif; font-size: 1rem;\">5<\/span><\/td><\/tr><tr><td><span style=\"font-family: verdana, geneva, sans-serif; font-size: 1rem;\">34<\/span><\/td><td><span style=\"font-family: verdana, geneva, sans-serif; font-size: 1rem;\">Investigaci\u00f3n y desarrollo en Ciencia y Tecnolog\u00eda<\/span><\/td><td class=\"has-text-align-center\" data-align=\"center\"><span style=\"font-family: verdana, geneva, sans-serif; font-size: 1rem;\">2<\/span><\/td><\/tr><tr><td><span style=\"font-family: verdana, geneva, sans-serif; font-size: 1rem;\">35<\/span><\/td><td><span style=\"font-family: verdana, geneva, sans-serif; font-size: 1rem;\">Procesos y operaciones unitarias<\/span><\/td><td class=\"has-text-align-center\" data-align=\"center\"><span style=\"font-family: verdana, geneva, sans-serif; font-size: 1rem;\">3<\/span><\/td><\/tr><tr><td><span style=\"font-family: verdana, geneva, sans-serif; font-size: 1rem;\">36<\/span><\/td><td><span style=\"font-family: verdana, geneva, sans-serif; font-size: 1rem;\">Pr\u00e1ctica profesional Docente IV<\/span><\/td><td class=\"has-text-align-center\" data-align=\"center\"><span style=\"font-family: verdana, geneva, sans-serif; font-size: 1rem;\">10<\/span><\/td><\/tr><tr><td><span style=\"font-family: verdana, geneva, sans-serif; font-size: 1rem;\">37<\/span><\/td><td><span style=\"font-family: verdana, geneva, sans-serif; font-size: 1rem;\">U.D.I. II<\/span><\/td><td class=\"has-text-align-center\" data-align=\"center\"><span style=\"font-family: verdana, geneva, sans-serif; font-size: 1rem;\">3<\/span><\/td><\/tr><tr><td><span style=\"font-family: verdana, geneva, sans-serif; font-size: 1rem;\">&nbsp;<\/span><\/td><td><span style=\"color: #000000; font-family: verdana, geneva, sans-serif; font-size: 1rem;\" data-mce-mark=\"1\"><strong>Total Hs. 4to. a\u00f1o<\/strong><\/span><\/td><td class=\"has-text-align-center\" data-align=\"center\"><span style=\"font-family: verdana, geneva, sans-serif; font-size: 1rem;\"><strong>31<\/strong><\/span><\/td><\/tr><tr><td><span style=\"font-family: verdana, geneva, sans-serif; font-size: 1rem;\">&nbsp;<span style=\"color: #000000;\" data-mce-mark=\"1\">&nbsp;<\/span>&nbsp;<\/span><\/td><\/tr><tr><td><span style=\"font-family: verdana, geneva, sans-serif; font-size: 1rem;\">&nbsp;<\/span><\/td><td><span style=\"color: #000000; font-family: verdana, geneva, sans-serif; font-size: 1rem;\" data-mce-mark=\"1\">&nbsp;<strong>Total de Hs. de la carrera<\/strong><\/span><\/td><td class=\"has-text-align-center\" data-align=\"center\"><span style=\"font-family: verdana, geneva, sans-serif; font-size: 1rem;\"><strong>132<\/strong><\/span><\/td><\/tr><\/tbody><\/table><\/figure>\n","protected":false},"excerpt":{"rendered":"<p>El Profesorado de Educaci\u00f3n Tecnol\u00f3gica no abre cohorte para el ciclo lectivo 2022, por lo tanto no posee inscripciones abiertas. Informaci\u00f3n General El Profesorado de Educaci\u00f3n Tecnol\u00f3gica fue creado en el a\u00f1o 2015 mediante Res. 4781 del Consejo General de Educaci\u00f3n de la Provincia de Entre R\u00edos. Actualmente, sus actividades \u00e1ulicas se desarrollan en el &#8230; <a title=\"Educaci\u00f3n Tecnol\u00f3gica (sin cohorte en 2022)\" class=\"read-more\" href=\"https:\/\/itsmariagrande-ers.infd.edu.ar\/sitio\/profesorado-educacion-tecnologica\/\" aria-label=\"More on Educaci\u00f3n Tecnol\u00f3gica (sin cohorte en 2022)\">[+]<\/a><\/p>\n","protected":false},"author":128,"featured_media":0,"parent":0,"menu_order":0,"comment_status":"closed","ping_status":"closed","template":"","meta":[],"acf":[],"_links":{"self":[{"href":"https:\/\/itsmariagrande-ers.infd.edu.ar\/sitio\/wp-json\/wp\/v2\/pages\/1403"}],"collection":[{"href":"https:\/\/itsmariagrande-ers.infd.edu.ar\/sitio\/wp-json\/wp\/v2\/pages"}],"about":[{"href":"https:\/\/itsmariagrande-ers.infd.edu.ar\/sitio\/wp-json\/wp\/v2\/types\/page"}],"author":[{"embeddable":true,"href":"https:\/\/itsmariagrande-ers.infd.edu.ar\/sitio\/wp-json\/wp\/v2\/users\/128"}],"replies":[{"embeddable":true,"href":"https:\/\/itsmariagrande-ers.infd.edu.ar\/sitio\/wp-json\/wp\/v2\/comments?post=1403"}],"version-history":[{"count":13,"href":"https:\/\/itsmariagrande-ers.infd.edu.ar\/sitio\/wp-json\/wp\/v2\/pages\/1403\/revisions"}],"predecessor-version":[{"id":4835,"href":"https:\/\/itsmariagrande-ers.infd.edu.ar\/sitio\/wp-json\/wp\/v2\/pages\/1403\/revisions\/4835"}],"wp:attachment":[{"href":"https:\/\/itsmariagrande-ers.infd.edu.ar\/sitio\/wp-json\/wp\/v2\/media?parent=1403"}],"curies":[{"name":"wp","href":"https:\/\/api.w.org\/{rel}","templated":true}]}}